 factors of 13721.
13721
List the prime factors of 1312.
2, 41
What are the prime factors of 1613?
1613
What are the prime factors of 9222?
2, 3, 29, 53
What are the prime factors of 132495?
3, 5, 11, 73
What are the prime factors of 274?
2, 137
What are the prime factors of 9585?
3, 5, 71
What are the prime factors of 20660?
2, 5, 1033
List the prime factors of 26562.
2, 3, 19, 233
What are the prime factors of 560?
2, 5, 7
List the prime factors of 1565.
5, 313
List the prime factors of 12948.
2, 3, 13, 83
What are the prime factors of 34387?
137, 251
List the prime factors of 7338.
2, 3, 1223
List the prime factors of 300.
2, 3, 5
What are the prime factors of 70212?
2, 3, 5851
List the prime factors of 32052.
2, 3, 2671
What are the prime factors of 2261?
7, 17, 19
What are the prime factors of 36708?
2, 3, 7, 19, 23
List the prime factors of 1079.
13, 83
List the prime factors of 2064.
2, 3, 43
List the prime factors of 8311.
8311
What are the prime factors of 119241?
3, 13249
List the prime factors of 621.
3, 23
What are the prime factors of 6928?
2, 433
List the prime factors of 28445.
5, 5689
List the prime factors of 4563.
3, 13
What are the prime factors of 4014?
2, 3, 223
List the prime factors of 42266.
2, 7, 3019
What are the prime factors of 4053?
3, 7, 193
What are the prime factors of 977?
977
What are the prime factors of 7555?
5, 1511
List the prime factors of 16177.
7, 2311
What are the prime factors of 124492?
2, 31123
List the prime factors of 7506.
2, 3, 139
What are the prime factors of 2874?
2, 3, 479
What are the prime factors of 1852?
2, 463
What are the prime factors of 1841?
7, 263
List the prime factors of 179.
179
List the prime factors of 41467.
41467
What are the prime factors of 31648?
2, 23, 43
List the prime factors of 4079.
4079
List the prime factors of 1582.
2, 7, 113
List the prime factors of 3527.
3527
What are the prime factors of 2863?
7, 409
What are the prime factors of 171?
3, 19
List the prime factors of 7013.
7013
List the prime factors of 661.
661
What are the prime factors of 1933?
1933
What are the prime factors of 64241?
227, 283
List the prime factors of 9428.
2, 2357
What are the prime factors of 537?
3, 179
List the prime factors of 865.
5, 173
What are the prime factors of 163787?
13, 43, 293
What are the prime factors of 2979?
3, 331
What are the prime factors of 1110?
2, 3, 5, 37
List the prime factors of 108800.
2, 5, 17
What are the prime factors of 1640?
2, 5, 41
List the prime factors of 5345.
5, 1069
List the prime factors of 114.
2, 3, 19
What are the prime factors of 1749?
3, 11, 53
What are the prime factors of 78274?
2, 7, 5591
List the prime factors of 31094.
2, 7, 2221
List the prime factors of 9567.
3, 1063
What are the prime factors of 5124?
2, 3, 7, 61
List the prime factors of 718.
2, 359
List the prime factors of 335.
5, 67
List the prime factors of 15368.
2, 17, 113
List the prime factors of 292.
2, 73
List the prime factors of 19357.
13, 1489
List the prime factors of 4524.
2, 3, 13, 29
What are the prime factors of 41613?
3, 11, 13, 97
List the prime factors of 43110.
2, 3, 5, 479
List the prime factors of 13889.
17, 19, 43
List the prime factors of 35801.
35801
What are the prime factors of 924?
2, 3, 7, 11
What are the prime factors of 8419?
8419
What are the prime factors of 67006?
2, 33503
List the prime factors of 4798.
2, 2399
What are the prime factors of 646?
2, 17, 19
What are the prime factors of 2051?
7, 293
List the prime factors of 11290.
2, 5, 1129
What are the prime factors of 27953?
27953
List the prime factors of 679.
7, 97
What are the prime factors of 2183?
37, 59
List the prime factors of 1338.
2, 3, 223
List the prime factors of 92.
2, 23
What are the prime factors of 263?
263
What are the prime factors of 28694?
2, 14347
What are the prime factors of 50938?
2, 25469
List the prime factors of 1407.
3, 7, 67
List the prime factors of 12812.
2, 3203
List the prime factors of 871.
13, 67
What are the prime factors of 145943?
7, 20849
What are the prime factors of 10705?
5, 2141
List the prime factors of 342.
2, 3, 19
What are the prime factors of 264?
2, 3, 11
What are the prime factors of 1335?
3, 5, 89
List the prime factors of 12364.
2, 11, 281
List the prime factors of 33.
3, 11
What are the prime factors of 826?
2, 7, 59
What are the prime factors of 2278?
2, 17, 67
List the prime factors of 2741.
2741
What are the prime factors of 3420?
2, 3, 5, 19
List the prime factors of 347.
347
What are the prime factors of 4335?
3, 5, 17
What are the prime factors of 20571?
3, 6857
List the prime factors of 13322.
2, 6661
List the prime factors of 3136.
2, 7
List the prime factors of 3200.
2, 5
What are the prime factors of 42618?
2, 3, 7103
List the prime factors of 284.
2, 71
What are the prime factors of 1009?
1009
List the prime factors of 1292.
2, 17, 19
List the prime factors of 2002.
2, 7, 11, 13
What are the prime factors of 1871?
1871
What are the prime factors of 16?
2
What are the prime factors of 7138?
2, 43, 83
What are the prime factors of 16517?
83, 199
What are the prime factors of 192907?
11, 13, 19, 71
What are the prime factors of 5416?
2, 677
List the prime factors of 14934.
2, 3, 19, 131
What are the prime factors of 38157?
3, 7, 23, 79
What are the prime factors of 24936?
2, 3, 1039
What are the prime factors of 25577?
25577
What are the prime factors of 49470?
2, 3, 5, 17, 97
What are the prime factors of 25618?
2, 12809
What are the prime factors of 8948?
2, 2237
What are the prime factors of 4857?
3, 1619
What are the prime factors of 65023?
7, 1327
List the prime factors of 20072.
2, 13, 193
What are the prime factors of 875?
5, 7
What are the prime factors of 5346?
2, 3, 11
What are the prime factors of 55449?
3, 61, 101
List the prime factors of 42638.
2, 21319
List the prime factors of 100034.
2, 11, 4547
What are the prime factors of 3872?
2, 11
List the prime factors of 3815.
5, 7, 109
List the prime factors of 976.
2, 61
What are the prime factors of 2022?
2, 3, 337
What are the prime factors of 3519?
3, 17, 23
List the prime factors of 23281.
31, 751
List the prime factors of 501.
3, 167
List the prime factors of 2915.
5, 11, 53
What are the prime factors of 18631?
31, 601
List the prime factors of 426.
2, 3, 71
What are the prime factors of 159?
3, 53
What are the prime factors of 5012?
2, 7, 179
What are the prime factors of 97?
97
What are the prime factors of 54396?
2, 3, 1511
What are the prime factors of 4629?
3, 1543
List the prime factors of 7068.
2, 3, 19, 31
What are the prime factors of 6707?
19, 353
What are the prime factors of 507?
3, 13
List the prime factors of 82.
2, 41
List the prime factors of 2982.
2, 3, 7, 71
List the prime factors of 273.
3, 7, 13
What are the prime factors of 1340?
2, 5, 67
List the prime factors of 40893.
3, 43, 317
What are the prime factors of 1096?
2, 137
What are the prime factors of 42155?
5, 8431
List the prime factors of 98364.
2, 3, 7, 1171
List the prime factors of 3289.
11, 13, 23
List the prime factors of 658.
2, 7, 47
What are the prime factors of 536?
2, 67
What are the prime factors of 1046?
2, 523
What are the prime factors of 516?
2, 3, 43
List the prime factors of 10765.
5, 2153
What are the prime factors of 48973?
48973
List the prime factors of 52196.
2, 13049
What are the prime factors of 33866?
2, 7, 41, 59
List the prime factors of 1958.
2, 11, 89
List the prime factors of 7710.
2, 3, 5, 257
List the prime factors of 2385.
3, 5, 53
List the prime factors of 13252.
2, 3313
List the prime factors of 4100.
2, 5, 41
List the prime factors of 4292.
2, 29, 37
What are the prime factors of 1318?
2, 659
What are the prime factors of 2478?
2, 3, 7, 59
What are the prime factors of 1187?
1187
List the prime factors of 26057.
71, 367
List the prime factors of 30761.
19, 1619
What are the prime factors of 19715?
5, 3943
What are the prime factors of 12510?
2, 3, 5, 139
List the prime factors of 14496.
2, 3, 151
List the prime factors of 64944.
2, 3, 11, 41
What are the prime factors of 595?
5, 7, 17
What are the prime factors of 109713?
3, 36571
What are the prime factors of 14337?
3, 59
What are the prime factors of 9083?
31, 293
List the prime factors of 776.
2, 97
W